{"id":10906,"date":"2022-03-14T07:00:00","date_gmt":"2022-03-14T06:00:00","guid":{"rendered":"https:\/\/strtgy.design\/?post_type=evento&#038;p=10906"},"modified":"2023-08-17T10:19:55","modified_gmt":"2023-08-17T08:19:55","slug":"social-media-activism-sociability-oggiano","status":"publish","type":"evento","link":"https:\/\/strtgy.design\/en\/evento\/social-media-activism-sociability-oggiano\/","title":{"rendered":"Social Media Activism"},"content":{"rendered":"<h3>Di cosa si tratta<\/h3>\n<p>Chiunque abbia un telefonino in mano in questo momento non sta solo consumando contenuti ma ne sta producendo di nuovi schierandosi attivamente per una causa.<\/p>\n<p>Queste persone non sono solo cittadini che si aspettano che la politica faccia qualcosa, ma sono anche dipendenti, clienti e influencer di aziende alle quali hanno deciso di dare fiducia e dalle quali si aspettano azioni concrete per creare un mondo migliore.<\/p>\n<p>In questo meeting non non si parler\u00e0 del \u201cse\u201d i brand dovranno partecipare alla conversazione, perch\u00e9 non sarebbe il quesito corretto. Semplicemente, se non lo faranno, lo far\u00e0 un competitor. Una domanda alla quale bisogna rispondere \u00e8: come farlo nella maniera giusta?<\/p>\n<p>I social network ci stanno trasformando. Che lo vogliamo o no, come consumatori di prodotti e notizie, dobbiamo imparare a orientarci e destreggiarci nel labirinto della rete.<\/p>\n<p>In questo incontro impareremo come \u00e8 cambiato il giornalismo, e perch\u00e9 dilagano conformismo, fake news e &#8220;fuck news&#8221; (quelle che ci fanno imprecare di indignazione); quali sono i segreti del successo di campagne globali diffuse sui social quali il Black Lives Matter e il #MeToo; in che modo l&#8217;attivismo digitale sta cambiando le imprese e la politica.<\/p>\n","protected":false},"excerpt":{"rendered":"<p>Come le aziende possono rendere il mondo pi\u00f9 giusto e trarne profitto (eticamente) capendo come i social stanno cambiando il modo di informarci e di fare attivismo.<\/p>\n","protected":false},"featured_media":11481,"template":"","categories":[20,61],"tags":[],"class_list":["post-10906","evento","type-evento","status-publish","has-post-thumbnail","hentry","category-passati","category-strtgy_layout_eventi_v2"],"acf":[],"yoast_head":"<!-- This site is optimized with the Yoast SEO plugin v27.5 - https:\/\/yoast.com\/product\/yoast-seo-wordpress\/ -->\n<title>Social Media Activism - STRTGY<\/title>\n<meta name=\"robots\" content=\"index, follow, max-snippet:-1, max-image-preview:large, max-video-preview:-1\" \/>\n<link rel=\"canonical\" href=\"https:\/\/strtgy.design\/en\/evento\/social-media-activism-sociability-oggiano\/\" \/>\n<meta property=\"og:locale\" content=\"en_US\" \/>\n<meta property=\"og:type\" content=\"article\" \/>\n<meta property=\"og:title\" content=\"Social Media Activism - STRTGY\" \/>\n<meta property=\"og:description\" content=\"Come le aziende possono rendere il mondo pi\u00f9 giusto e trarne profitto (eticamente) capendo come i social stanno cambiando il modo di informarci e di fare attivismo.\" \/>\n<meta property=\"og:url\" content=\"https:\/\/strtgy.design\/en\/evento\/social-media-activism-sociability-oggiano\/\" \/>\n<meta property=\"og:site_name\" content=\"STRTGY\" \/>\n<meta property=\"article:publisher\" content=\"https:\/\/www.facebook.com\/strtgydesign\" \/>\n<meta property=\"article:modified_time\" content=\"2023-08-17T08:19:55+00:00\" \/>\n<meta property=\"og:image\" content=\"https:\/\/strtgy.design\/wp-content\/uploads\/2022\/03\/Facebook-7.jpg\" \/>\n\t<meta property=\"og:image:width\" content=\"1189\" \/>\n\t<meta property=\"og:image:height\" content=\"630\" \/>\n\t<meta property=\"og:image:type\" content=\"image\/jpeg\" \/>\n<meta name=\"twitter:card\" content=\"summary_large_image\" \/>\n<meta name=\"twitter:site\" content=\"@antoniocivita\" \/>\n<meta name=\"twitter:label1\" content=\"Est. reading time\" \/>\n\t<meta name=\"twitter:data1\" content=\"2 minutes\" \/>\n<script type=\"application\/ld+json\" class=\"yoast-schema-graph\">{\"@context\":\"https:\\\/\\\/schema.org\",\"@graph\":[{\"@type\":\"WebPage\",\"@id\":\"https:\\\/\\\/strtgy.design\\\/en\\\/evento\\\/social-media-activism-sociability-oggiano\\\/\",\"url\":\"https:\\\/\\\/strtgy.design\\\/en\\\/evento\\\/social-media-activism-sociability-oggiano\\\/\",\"name\":\"Social Media Activism - STRTGY\",\"isPartOf\":{\"@id\":\"https:\\\/\\\/strtgy.design\\\/en\\\/#website\"},\"primaryImageOfPage\":{\"@id\":\"https:\\\/\\\/strtgy.design\\\/en\\\/evento\\\/social-media-activism-sociability-oggiano\\\/#primaryimage\"},\"image\":{\"@id\":\"https:\\\/\\\/strtgy.design\\\/en\\\/evento\\\/social-media-activism-sociability-oggiano\\\/#primaryimage\"},\"thumbnailUrl\":\"https:\\\/\\\/strtgy.design\\\/wp-content\\\/uploads\\\/2022\\\/03\\\/Facebook-7.jpg\",\"datePublished\":\"2022-03-14T06:00:00+00:00\",\"dateModified\":\"2023-08-17T08:19:55+00:00\",\"breadcrumb\":{\"@id\":\"https:\\\/\\\/strtgy.design\\\/en\\\/evento\\\/social-media-activism-sociability-oggiano\\\/#breadcrumb\"},\"inLanguage\":\"en-US\",\"potentialAction\":[{\"@type\":\"ReadAction\",\"target\":[\"https:\\\/\\\/strtgy.design\\\/en\\\/evento\\\/social-media-activism-sociability-oggiano\\\/\"]}]},{\"@type\":\"ImageObject\",\"inLanguage\":\"en-US\",\"@id\":\"https:\\\/\\\/strtgy.design\\\/en\\\/evento\\\/social-media-activism-sociability-oggiano\\\/#primaryimage\",\"url\":\"https:\\\/\\\/strtgy.design\\\/wp-content\\\/uploads\\\/2022\\\/03\\\/Facebook-7.jpg\",\"contentUrl\":\"https:\\\/\\\/strtgy.design\\\/wp-content\\\/uploads\\\/2022\\\/03\\\/Facebook-7.jpg\",\"width\":1189,\"height\":630},{\"@type\":\"BreadcrumbList\",\"@id\":\"https:\\\/\\\/strtgy.design\\\/en\\\/evento\\\/social-media-activism-sociability-oggiano\\\/#breadcrumb\",\"itemListElement\":[{\"@type\":\"ListItem\",\"position\":1,\"name\":\"Home\",\"item\":\"https:\\\/\\\/strtgy.design\\\/en\\\/\"},{\"@type\":\"ListItem\",\"position\":2,\"name\":\"Social Media Activism\"}]},{\"@type\":\"WebSite\",\"@id\":\"https:\\\/\\\/strtgy.design\\\/en\\\/#website\",\"url\":\"https:\\\/\\\/strtgy.design\\\/en\\\/\",\"name\":\"STRTGY\",\"description\":\"Design + Business + Tech\",\"publisher\":{\"@id\":\"https:\\\/\\\/strtgy.design\\\/en\\\/#organization\"},\"potentialAction\":[{\"@type\":\"SearchAction\",\"target\":{\"@type\":\"EntryPoint\",\"urlTemplate\":\"https:\\\/\\\/strtgy.design\\\/en\\\/?s={search_term_string}\"},\"query-input\":{\"@type\":\"PropertyValueSpecification\",\"valueRequired\":true,\"valueName\":\"search_term_string\"}}],\"inLanguage\":\"en-US\"},{\"@type\":\"Organization\",\"@id\":\"https:\\\/\\\/strtgy.design\\\/en\\\/#organization\",\"name\":\"STRTGY\",\"url\":\"https:\\\/\\\/strtgy.design\\\/en\\\/\",\"logo\":{\"@type\":\"ImageObject\",\"inLanguage\":\"en-US\",\"@id\":\"https:\\\/\\\/strtgy.design\\\/en\\\/#\\\/schema\\\/logo\\\/image\\\/\",\"url\":\"https:\\\/\\\/strtgy.design\\\/wp-content\\\/uploads\\\/2024\\\/04\\\/STRTGY-Symbol.png\",\"contentUrl\":\"https:\\\/\\\/strtgy.design\\\/wp-content\\\/uploads\\\/2024\\\/04\\\/STRTGY-Symbol.png\",\"width\":160,\"height\":160,\"caption\":\"STRTGY\"},\"image\":{\"@id\":\"https:\\\/\\\/strtgy.design\\\/en\\\/#\\\/schema\\\/logo\\\/image\\\/\"},\"sameAs\":[\"https:\\\/\\\/www.facebook.com\\\/strtgydesign\",\"https:\\\/\\\/x.com\\\/antoniocivita\",\"https:\\\/\\\/www.linkedin.com\\\/company\\\/strtgy\\\/\"]}]}<\/script>\n<!-- \/ Yoast SEO plugin. -->","yoast_head_json":{"title":"Social Media Activism - STRTGY","robots":{"index":"index","follow":"follow","max-snippet":"max-snippet:-1","max-image-preview":"max-image-preview:large","max-video-preview":"max-video-preview:-1"},"canonical":"https:\/\/strtgy.design\/en\/evento\/social-media-activism-sociability-oggiano\/","og_locale":"en_US","og_type":"article","og_title":"Social Media Activism - STRTGY","og_description":"Come le aziende possono rendere il mondo pi\u00f9 giusto e trarne profitto (eticamente) capendo come i social stanno cambiando il modo di informarci e di fare attivismo.","og_url":"https:\/\/strtgy.design\/en\/evento\/social-media-activism-sociability-oggiano\/","og_site_name":"STRTGY","article_publisher":"https:\/\/www.facebook.com\/strtgydesign","article_modified_time":"2023-08-17T08:19:55+00:00","og_image":[{"width":1189,"height":630,"url":"https:\/\/strtgy.design\/wp-content\/uploads\/2022\/03\/Facebook-7.jpg","type":"image\/jpeg"}],"twitter_card":"summary_large_image","twitter_site":"@antoniocivita","twitter_misc":{"Est. reading time":"2 minutes"},"schema":{"@context":"https:\/\/schema.org","@graph":[{"@type":"WebPage","@id":"https:\/\/strtgy.design\/en\/evento\/social-media-activism-sociability-oggiano\/","url":"https:\/\/strtgy.design\/en\/evento\/social-media-activism-sociability-oggiano\/","name":"Social Media Activism - STRTGY","isPartOf":{"@id":"https:\/\/strtgy.design\/en\/#website"},"primaryImageOfPage":{"@id":"https:\/\/strtgy.design\/en\/evento\/social-media-activism-sociability-oggiano\/#primaryimage"},"image":{"@id":"https:\/\/strtgy.design\/en\/evento\/social-media-activism-sociability-oggiano\/#primaryimage"},"thumbnailUrl":"https:\/\/strtgy.design\/wp-content\/uploads\/2022\/03\/Facebook-7.jpg","datePublished":"2022-03-14T06:00:00+00:00","dateModified":"2023-08-17T08:19:55+00:00","breadcrumb":{"@id":"https:\/\/strtgy.design\/en\/evento\/social-media-activism-sociability-oggiano\/#breadcrumb"},"inLanguage":"en-US","potentialAction":[{"@type":"ReadAction","target":["https:\/\/strtgy.design\/en\/evento\/social-media-activism-sociability-oggiano\/"]}]},{"@type":"ImageObject","inLanguage":"en-US","@id":"https:\/\/strtgy.design\/en\/evento\/social-media-activism-sociability-oggiano\/#primaryimage","url":"https:\/\/strtgy.design\/wp-content\/uploads\/2022\/03\/Facebook-7.jpg","contentUrl":"https:\/\/strtgy.design\/wp-content\/uploads\/2022\/03\/Facebook-7.jpg","width":1189,"height":630},{"@type":"BreadcrumbList","@id":"https:\/\/strtgy.design\/en\/evento\/social-media-activism-sociability-oggiano\/#breadcrumb","itemListElement":[{"@type":"ListItem","position":1,"name":"Home","item":"https:\/\/strtgy.design\/en\/"},{"@type":"ListItem","position":2,"name":"Social Media Activism"}]},{"@type":"WebSite","@id":"https:\/\/strtgy.design\/en\/#website","url":"https:\/\/strtgy.design\/en\/","name":"STRTGY","description":"Design + Business + Tech","publisher":{"@id":"https:\/\/strtgy.design\/en\/#organization"},"potentialAction":[{"@type":"SearchAction","target":{"@type":"EntryPoint","urlTemplate":"https:\/\/strtgy.design\/en\/?s={search_term_string}"},"query-input":{"@type":"PropertyValueSpecification","valueRequired":true,"valueName":"search_term_string"}}],"inLanguage":"en-US"},{"@type":"Organization","@id":"https:\/\/strtgy.design\/en\/#organization","name":"STRTGY","url":"https:\/\/strtgy.design\/en\/","logo":{"@type":"ImageObject","inLanguage":"en-US","@id":"https:\/\/strtgy.design\/en\/#\/schema\/logo\/image\/","url":"https:\/\/strtgy.design\/wp-content\/uploads\/2024\/04\/STRTGY-Symbol.png","contentUrl":"https:\/\/strtgy.design\/wp-content\/uploads\/2024\/04\/STRTGY-Symbol.png","width":160,"height":160,"caption":"STRTGY"},"image":{"@id":"https:\/\/strtgy.design\/en\/#\/schema\/logo\/image\/"},"sameAs":["https:\/\/www.facebook.com\/strtgydesign","https:\/\/x.com\/antoniocivita","https:\/\/www.linkedin.com\/company\/strtgy\/"]}]}},"_links":{"self":[{"href":"https:\/\/strtgy.design\/en\/wp-json\/wp\/v2\/evento\/10906","targetHints":{"allow":["GET"]}}],"collection":[{"href":"https:\/\/strtgy.design\/en\/wp-json\/wp\/v2\/evento"}],"about":[{"href":"https:\/\/strtgy.design\/en\/wp-json\/wp\/v2\/types\/evento"}],"version-history":[{"count":0,"href":"https:\/\/strtgy.design\/en\/wp-json\/wp\/v2\/evento\/10906\/revisions"}],"wp:featuredmedia":[{"embeddable":true,"href":"https:\/\/strtgy.design\/en\/wp-json\/wp\/v2\/media\/11481"}],"wp:attachment":[{"href":"https:\/\/strtgy.design\/en\/wp-json\/wp\/v2\/media?parent=10906"}],"wp:term":[{"taxonomy":"category","embeddable":true,"href":"https:\/\/strtgy.design\/en\/wp-json\/wp\/v2\/categories?post=10906"},{"taxonomy":"post_tag","embeddable":true,"href":"https:\/\/strtgy.design\/en\/wp-json\/wp\/v2\/tags?post=10906"}],"curies":[{"name":"wp","href":"https:\/\/api.w.org\/{rel}","templated":true}]}}

<h3>Di cosa si tratta</h3>
<p>Chiunque abbia un telefonino in mano in questo momento non sta solo consumando contenuti ma ne sta producendo di nuovi schierandosi attivamente per una causa.</p>
<p>Queste persone non sono solo cittadini che si aspettano che la politica faccia qualcosa, ma sono anche dipendenti, clienti e influencer di aziende alle quali hanno deciso di dare fiducia e dalle quali si aspettano azioni concrete per creare un mondo migliore.</p>
<p>In questo meeting non non si parlerà del “se” i brand dovranno partecipare alla conversazione, perché non sarebbe il quesito corretto. Semplicemente, se non lo faranno, lo farà un competitor. Una domanda alla quale bisogna rispondere è: come farlo nella maniera giusta?</p>
<p>I social network ci stanno trasformando. Che lo vogliamo o no, come consumatori di prodotti e notizie, dobbiamo imparare a orientarci e destreggiarci nel labirinto della rete.</p>
<p>In questo incontro impareremo come è cambiato il giornalismo, e perché dilagano conformismo, fake news e &#8220;fuck news&#8221; (quelle che ci fanno imprecare di indignazione); quali sono i segreti del successo di campagne globali diffuse sui social quali il Black Lives Matter e il #MeToo; in che modo l&#8217;attivismo digitale sta cambiando le imprese e la politica.</p>

<p>Come le aziende possono rendere il mondo più giusto e trarne profitto (eticamente) capendo come i social stanno cambiando il modo di informarci e di fare attivismo.</p>

<!-- This site is optimized with the Yoast SEO plugin v27.5 - https://yoast.com/product/yoast-seo-wordpress/ -->
<title>Social Media Activism - STRTGY</title>
<meta name="robots" content="index, follow, max-snippet:-1, max-image-preview:large, max-video-preview:-1" />
<link rel="canonical" href="https://strtgy.design/en/evento/social-media-activism-sociability-oggiano/" />
<meta property="og:locale" content="en_US" />
<meta property="og:type" content="article" />
<meta property="og:title" content="Social Media Activism - STRTGY" />
<meta property="og:description" content="Come le aziende possono rendere il mondo più giusto e trarne profitto (eticamente) capendo come i social stanno cambiando il modo di informarci e di fare attivismo." />
<meta property="og:url" content="https://strtgy.design/en/evento/social-media-activism-sociability-oggiano/" />
<meta property="og:site_name" content="STRTGY" />
<meta property="article:publisher" content="https://www.facebook.com/strtgydesign" />
<meta property="article:modified_time" content="2023-08-17T08:19:55+00:00" />
<meta property="og:image" content="https://strtgy.design/wp-content/uploads/2022/03/Facebook-7.jpg" />
	<meta property="og:image:width" content="1189" />
	<meta property="og:image:height" content="630" />
	<meta property="og:image:type" content="image/jpeg" />
<meta name="twitter:card" content="summary_large_image" />
<meta name="twitter:site" content="@antoniocivita" />
<meta name="twitter:label1" content="Est. reading time" />
	<meta name="twitter:data1" content="2 minutes" />
<script type="application/ld+json" class="yoast-schema-graph">{"@context":"https:\/\/schema.org","@graph":[{"@type":"WebPage","@id":"https:\/\/strtgy.design\/en\/evento\/social-media-activism-sociability-oggiano\/","url":"https:\/\/strtgy.design\/en\/evento\/social-media-activism-sociability-oggiano\/","name":"Social Media Activism - STRTGY","isPartOf":{"@id":"https:\/\/strtgy.design\/en\/#website"},"primaryImageOfPage":{"@id":"https:\/\/strtgy.design\/en\/evento\/social-media-activism-sociability-oggiano\/#primaryimage"},"image":{"@id":"https:\/\/strtgy.design\/en\/evento\/social-media-activism-sociability-oggiano\/#primaryimage"},"thumbnailUrl":"https:\/\/strtgy.design\/wp-content\/uploads\/2022\/03\/Facebook-7.jpg","datePublished":"2022-03-14T06:00:00+00:00","dateModified":"2023-08-17T08:19:55+00:00","breadcrumb":{"@id":"https:\/\/strtgy.design\/en\/evento\/social-media-activism-sociability-oggiano\/#breadcrumb"},"inLanguage":"en-US","potentialAction":[{"@type":"ReadAction","target":["https:\/\/strtgy.design\/en\/evento\/social-media-activism-sociability-oggiano\/"]}]},{"@type":"ImageObject","inLanguage":"en-US","@id":"https:\/\/strtgy.design\/en\/evento\/social-media-activism-sociability-oggiano\/#primaryimage","url":"https:\/\/strtgy.design\/wp-content\/uploads\/2022\/03\/Facebook-7.jpg","contentUrl":"https:\/\/strtgy.design\/wp-content\/uploads\/2022\/03\/Facebook-7.jpg","width":1189,"height":630},{"@type":"BreadcrumbList","@id":"https:\/\/strtgy.design\/en\/evento\/social-media-activism-sociability-oggiano\/#breadcrumb","itemListElement":[{"@type":"ListItem","position":1,"name":"Home","item":"https:\/\/strtgy.design\/en\/"},{"@type":"ListItem","position":2,"name":"Social Media Activism"}]},{"@type":"WebSite","@id":"https:\/\/strtgy.design\/en\/#website","url":"https:\/\/strtgy.design\/en\/","name":"STRTGY","description":"Design + Business + Tech","publisher":{"@id":"https:\/\/strtgy.design\/en\/#organization"},"potentialAction":[{"@type":"SearchAction","target":{"@type":"EntryPoint","urlTemplate":"https:\/\/strtgy.design\/en\/?s={search_term_string}"},"query-input":{"@type":"PropertyValueSpecification","valueRequired":true,"valueName":"search_term_string"}}],"inLanguage":"en-US"},{"@type":"Organization","@id":"https:\/\/strtgy.design\/en\/#organization","name":"STRTGY","url":"https:\/\/strtgy.design\/en\/","logo":{"@type":"ImageObject","inLanguage":"en-US","@id":"https:\/\/strtgy.design\/en\/#\/schema\/logo\/image\/","url":"https:\/\/strtgy.design\/wp-content\/uploads\/2024\/04\/STRTGY-Symbol.png","contentUrl":"https:\/\/strtgy.design\/wp-content\/uploads\/2024\/04\/STRTGY-Symbol.png","width":160,"height":160,"caption":"STRTGY"},"image":{"@id":"https:\/\/strtgy.design\/en\/#\/schema\/logo\/image\/"},"sameAs":["https:\/\/www.facebook.com\/strtgydesign","https:\/\/x.com\/antoniocivita","https:\/\/www.linkedin.com\/company\/strtgy\/"]}]}</script>
<!-- / Yoast SEO plugin. -->

Come le aziende possono rendere il mondo più giusto e trarne profitto (eticamente) capendo come i social stanno cambiando il modo di informarci e di fare attivismo.
